= s + -138. Suppose -3*z + 67 = 4*c, -c = 3*c - 5*z - m. What is the units digit of c?
6
Let r be 8/(((-3)/(-6))/(-1)). Let z = r - -63. What is the units digit of z?
7
Suppose 0 = -2*a - 150 + 432. Suppose -2*f = -3*s + 204, 3*s - s - 3*f - a = 0. What is the units digit of s?
6
Let c be 0 + 4/6*3. Suppose 8*v = 12*v - 16. Suppose -4*z + 9*z - 49 = -v*w, c*w - 3*z = -3. What is the units digit of w?
6
Suppose 2*f - f + v = 535, -v = 4*f - 2146. What is the tens digit of f?
3
Let d(x) = 12*x**2 + 5*x + 15. What is the tens digit of d(4)?
2
Let k(b) be the second derivative of b**4/12 - b**3/6 + b**2/2 + 4*b. Let a(m) = -4*m**2 - 5*m + 2. Let s(v) = -a(v) + k(v). What is the units digit of s(-3)?
2
Let i(d) = -d**2 + 12*d + 4. Let z be i(12). Suppose -f - 6 = -0*f + 4*w, f - z = w. Suppose -25 = -f*g + 15. What is the tens digit of g?
2
Let p(j) = 11*j + 2 - 20*j + 5*j + 6*j. What is the units digit of p(1)?
4
Let m = 21 - 30. Let o be ((-3)/m)/(1/18). Suppose 0*s = -2*s - o, -5*s = 2*d - 25. What is the units digit of d?
0
What is the units digit of 8 - (-36)/(-12) - -2158?
3
Let k(a) = -a**3 + a**2 + 5*a + 5. Let c be k(-2). What is the tens digit of (-7 + 14)*26/c?
2
Suppose 5*s = -6 + 26. Let i(k) = -8*k + 4 + 6*k + s + k. What is the units digit of i(-6)?
4
Suppose -3*b + 57 = 2*c, 17*c - 14*c = -4*b + 88. What is the units digit of c?
6
Let y(b) = 4*b**2 - 35*b - 24. Let r(l) = -l**2 + 12*l + 8. Let i(s) = -7*r(s) - 2*y(s). Let f be i(-13). Suppose -84 - 41 = -f*t. What is the units digit of t?
5
Suppose 1835 = -5*f + 4635. Suppose f = 5*t - 5*g, -448 = -3*t - t + g. What is the units digit of t?
2
What is the thousands digit of -5 + (-19740)/(-9) + (-10)/(-15)?
2
Let d(h) = -719*h - 14. What is the tens digit of d(-1)?
0
Suppose -4*h = -3*g + 9, 4*g = -h + 2 + 10. Suppose -j + h = -3. Suppose 0 = 5*n - 5*m - 135, -j*n - 2*n + 111 = m. What is the units digit of n?
3
Suppose 2*u = -4*y + 18, 21 = -2*y - 2*u + 7*u. Suppose y*l = 7*l, 0 = 2*f + 2*l + 16. Let v = f + 13. What is the units digit of v?
5
Suppose 3*s + 5*a = 43, a - 82 + 25 = -5*s. Let x = s + -12. Let l(n) = -n**3 + n**2 - n - 1. What is the units digit of l(x)?
2
Suppose -2*u - 5*n = -2565, -4*u + u = 4*n - 3865. What is the hundreds digit of u?
2
Let w be 0/(6/3 + 0). Let u(c) = c**3 - 16*c**2 + 45*c - 16. Let z be u(13). Suppose w*p = 2*p - z. What is the units digit of p?
1
Let m(w) = -9*w + 18. Let t be m(4). What is the tens digit of 8/(-36) + (-994)/t + 0?
5
Let w(f) = -40*f**3 + 3*f**2 + 21*f + 64. What is the tens digit of w(-4)?
8
Suppose -z + 125 = -4*p, -2*z - 47 = 4*p - 309. Let x = z + -62. What is the units digit of x?
7
What is the hundreds digit of (1/(3/(-1116)))/((-36)/18)?
1
What is the hundreds digit of (-7007)/(-14)*36/21?
8
Let a(s) be the first derivative of -5*s**4/4 + s**3/3 - s**2 - 2*s + 1. Let h be a(-1). Suppose -h - 15 = -x. What is the tens digit of x?
2
What is the hundreds digit of (((-24)/9)/2)/((-62)/34131)?
7
Let d(t) = 12*t**3 - 3*t**2 + 6*t + 23. What is the thousands digit of d(5)?
1
Suppose -2*y = -3*y. Suppose -11*b + 16*b - 400 = y. What is the tens digit of b?
8
Let r(u) = u**2 - 2*u. Let b be r(-2). Let h = b + -2. What is the units digit of 3 - (-2)/(h/81)?
0
Let f(c) = -2*c**2 - c - 4. Let n be (-30)/(-25)*30/(-9). Let h be f(n). Let p = h - -42. What is the units digit of p?
0
Let q(d) = d + 1. Let a(b) = 3*b - 5. Let j(u) = -a(u) + 4*q(u). Let f be j(-5). Suppose -4 = 5*y + f*x - 10, -4*y = -5*x - 13. What is the units digit of y?
2
Let a = 40 - 49. What is the hundreds digit of 2 + 0 + (-9)/(a/154)?
1
Let o = -22 + 22. Suppose 0 = -o*q - 2*q + 134. What is the units digit of q?
7
Let v = 1773 - -897. What is the units digit of v?
0
Let d be -2 - (0/1 + -3). Let a be 3 + (d - 3) + -1. Suppose z + 35 = y + 2*y, -2*y + 2*z + 18 = a. What is the tens digit of y?
1
Suppose 4*h + 2*h - 102 = 0. What is the units digit of h?
7
Let a(l) = 3*l**2 - l - 4. Let o be a(2). Suppose o*r - r - 70 = 0. What is the tens digit of r?
1
Suppose v + 2*f + 3 = 3*f, 0 = -f + 1. Let r(n) = -6*n**3 - 2*n**2 - 3. What is the tens digit of r(v)?
3
Suppose 1 = -7*o + 85. What is the units digit of 2/o - 2/((-96)/136)?
3
Suppose 0 = -0*c - c - 12. Let j = -9 - c. Suppose -5*t + 122 + j = 0. What is the tens digit of t?
2
Let v = -27 + 125. What is the tens digit of v?
9
Let w = -2281 + 3753. What is the hundreds digit of w?
4
Let i(a) = 1. Let y(u) = u**2 - 6*u + 1. Let n(q) = -i(q) + y(q). Suppose -4*z = -4*t - 1 - 23, 6 = 3*z. What is the units digit of n(t)?
0
Let p = 743 + 590. What is the hundreds digit of p?
3
Suppose -8*y - 1408 = -5800. Suppose -44*q - y = -47*q. What is the hundreds digit of q?
1
Let u(y) = y**3 - 7*y**2 + 8*y - 9. Let f be u(6). Let m be f + -5 + 2 + 130. Suppose 6 = 4*a - m. What is the tens digit of a?
3
What is the tens digit of 119/2*(2 + (6 - 6))?
1
Let l be (-16)/(-14)*(-14)/(-4). Suppose -l*a + 152 + 12 = 0. Suppose 3*i = 197 - a. What is the tens digit of i?
5
Let o = -1601 + 1057. Let x = -364 - o. What is the hundreds digit of x?
1
Let c be (-3)/(-2)*20/6. Let p(d) = -d**2 - 8*d - 2. Let n be p(c). Let y = n - -96. What is the units digit of y?
9
Let l be 9*(2 + -3 + (3 - 0)). What is the units digit of l/(-24)*(-171 - 1)?
9
Suppose 0 = -2*z + 3*q + 42, -5*z + 10*q + 139 = 11*q. Let n = 1 + z. What is the units digit of n?
8
Let o(y) = -8*y + 199. What is the hundreds digit of o(-48)?
5
Let f = 364 + 291. What is the tens digit of f?
5
Suppose 5*x - 5*z + 2*z = -5, -x - 13 = -3*z. Suppose -x*m + 42 = -110. What is the tens digit of m?
7
Let s = -6 - -8. Suppose 8*n = 4*n + 3*w + 29, n - s = -w. What is the units digit of 5/(25/26)*n?
6
Let i(z) = -z**3 + 6*z**2 - 5*z - 2. Let n be i(4). Suppose 0 = 5*u + 5*l - 0*l - 75, 4*l + 45 = 3*u. Let q = u - n. What is the units digit of q?
5
Suppose -12*g + 8*g + l = -1931, 480 = g - 3*l. What is the units digit of g?
3
Suppose -91377 - 63375 = -31*x. What is the hundreds digit of x?
9
Let d = 11248 + -7262. What is the thousands digit of d?
3
Suppose 3*p + 3*o = o - 4, 2*p = -o - 2. Suppose 3*b + 5*g - 31 = p, 5*g + 28 + 25 = 4*b. What is the units digit of b?
2
Let w(v) be the first derivative of -7*v**2/2 - 4. What is the units digit of w(-12)?
4
Let l(m) = 24*m**3 + 2*m**2 - 2*m. Let h(t) = -23*t**3 - 3*t**2 + 3*t. Let o(i) = 3*h(i) + 4*l(i). What is the units digit of o(1)?
7
Suppose -33*p + 48169 + 11297 = 0. What is the hundreds digit of p?
8
Let w(i) = -87*i + 15. Let n be w(-5). Suppose 2*g = -g + n. What is the tens digit of g?
5
Let u = 0 + 1. Let w(y) be the second derivative of y**3/6 - 3*y. What is the units digit of w(u)?
1
Suppose -5*o - 2*m = -0*o - 1928, 5*o - 5*m - 1935 = 0. What is the tens digit of o?
8
Let f = 8 - -1. Let v be (-1)/(-2)*(-5 + f). Suppose 18 = 5*r - v*r. What is the units digit of r?
6
Let b(g) = -4*g**3 + g**2 + 2. Let m(t) = -3*t**3 + 1. Let z(i) = 2*b(i) - 3*m(i). Let o = -1 + -1. What is the units digit of z(o)?
1
Let v(g) = -41*g**3 - 6*g**2 - 6*g + 10. What is the tens digit of v(-3)?
8
Let h(i) = 37*i + 166. What is the hundreds digit of h(37)?
5
Suppose 0*v = -4*w + 2*v + 12, 0 = -2*w - v + 10. Let z(y) = -w - y**2 - 32*y + 20*y - 1 - 3. What is the units digit of z(-9)?
9
Let h = 89 + -96. Let p(c) = 3*c - 7*c**2 + c**3 - 5*c - 5 - 2*c**3. What is the units digit of p(h)?
9
Let c(k) = -k**2 - 28*k - 32. What is the units digit of c(-25)?
3
Let i(v) = -76*v + 1. Let g(k) = -75*k + 1. Let y(r) = -7*g(r) + 6*i(r). What is the tens digit of y(2)?
3
Let u(w) = -14*w**3 - w**2 - 4*w - 4. Let v be u(-2). What is the units digit of 2 + 0 + (v - 3 - 1)?
0
What is the tens digit of (4 + 61 - 2)*(-6)/(-2)?
8
Let g(i) be the first derivative of -i**4/2 - i**3 - 3*i**2/2 + 4*i + 1. What is the units digit of g(-3)?
0
Suppose 4*u - 2*u - 4 = 0. What is the tens digit of 270/4*u/3?
4
Let t be ((-3)/(-2))/((-12)/(-40)). Suppose -4 - 11 = t*z. What is the units digit of ((-29)/z)/(8/24)?
9
Let s(i) = i**2 - 3*i - 7. Let w be s(5). Suppose 90 = 2*c + w*z, 0 = -5*c - 4*z + 60 + 165. What is the units digit of c?
5
Let u(a) = -4*a + 17. Let f be u(4). Let k(n) = 26*n**3 + n. What is the units digit of k(f)?
7
Suppose 5*w - 99 = -19. Let l = -17 + w